{"id":22,"date":"2023-08-01T16:08:40","date_gmt":"2023-08-01T16:08:40","guid":{"rendered":"https:\/\/kiemionys.lt\/?page_id=22"},"modified":"2025-05-31T16:44:28","modified_gmt":"2025-05-31T16:44:28","slug":"rezervacija","status":"publish","type":"page","link":"https:\/\/kiemionys.lt\/?page_id=22","title":{"rendered":"KALENDORIUS"},"content":{"rendered":"    <!-- \ud83d\udd39 Status\u0173 legenda -->\n<div id=\"statusu-legenda\">\n  <div class=\"status-item\"><span class=\"status-box laisva\"><\/span> Laisva<\/div>\n  <div class=\"status-item\"><span class=\"status-box pusiau-rytas\"><\/span> Laisvas rytas<\/div>\n  <div class=\"status-item\"><span class=\"status-box pusiau-vakaras\"><\/span> Laisvas vakaras<\/div>\n  <div class=\"status-item\"><span class=\"status-box uzimta\"><\/span> U\u017eimta<\/div>\n  <div class=\"status-item\"><span class=\"status-box nedirbame\"><\/span> Nedirbame<\/div>\n<\/div>\n\n    <div id=\"uzimtumo-konteineris\">\n\n<div class=\"kalendoriaus-taisykles\">\n  <p>\ud83d\udd53 <strong>\u012eregistravimas:<\/strong> nuo 15:00 val. iki 20:00 val.<\/p>\n  <p>\ud83d\udd58 <strong>I\u0161registravimas:<\/strong> nuo 8:00 val. iki 12:00 val.<\/p>\n  <p>\ud83d\udd15 <strong>Ramyb\u0117s laikas:<\/strong> nuo 22:00 val. iki 8:00 val. Nesuderinti renginiai ar vakar\u0117liai sodyboje yra neleid\u017eiami.<\/p>\n  <p>\ud83d\udcc5 <strong>U\u017esakymas galimas tik nuo 2 par\u0173.<\/strong><\/p>\n<\/div>\n\n       <div id=\"kalendoriai\">\n            <div class=\"kalendorius-container\">\n            <h3 id=\"month-name-1\">\n                Balandis 2026            <\/h3>\n            <div \n                id=\"uzimtumo-kalendorius-1\" \n                class=\"uzimtumo-kalendorius\" \n                data-admin=\"false\"\n                data-year=\"2026\"\n                data-month=\"4\"\n            ><\/div>\n        <\/div>\n            <div class=\"kalendorius-container\">\n            <h3 id=\"month-name-2\">\n                Gegu\u017e\u0117 2026            <\/h3>\n            <div \n                id=\"uzimtumo-kalendorius-2\" \n                class=\"uzimtumo-kalendorius\" \n                data-admin=\"false\"\n                data-year=\"2026\"\n                data-month=\"5\"\n            ><\/div>\n        <\/div>\n            <div class=\"kalendorius-container\">\n            <h3 id=\"month-name-3\">\n                Bir\u017eelis 2026            <\/h3>\n            <div \n                id=\"uzimtumo-kalendorius-3\" \n                class=\"uzimtumo-kalendorius\" \n                data-admin=\"false\"\n                data-year=\"2026\"\n                data-month=\"6\"\n            ><\/div>\n        <\/div>\n            <div class=\"kalendorius-container\">\n            <h3 id=\"month-name-4\">\n                Liepa 2026            <\/h3>\n            <div \n                id=\"uzimtumo-kalendorius-4\" \n                class=\"uzimtumo-kalendorius\" \n                data-admin=\"false\"\n                data-year=\"2026\"\n                data-month=\"7\"\n            ><\/div>\n        <\/div>\n            <div class=\"kalendorius-container\">\n            <h3 id=\"month-name-5\">\n                Rugpj\u016btis 2026            <\/h3>\n            <div \n                id=\"uzimtumo-kalendorius-5\" \n                class=\"uzimtumo-kalendorius\" \n                data-admin=\"false\"\n                data-year=\"2026\"\n                data-month=\"8\"\n            ><\/div>\n        <\/div>\n            <div class=\"kalendorius-container\">\n            <h3 id=\"month-name-6\">\n                Rugs\u0117jis 2026            <\/h3>\n            <div \n                id=\"uzimtumo-kalendorius-6\" \n                class=\"uzimtumo-kalendorius\" \n                data-admin=\"false\"\n                data-year=\"2026\"\n                data-month=\"9\"\n            ><\/div>\n        <\/div>\n            <div class=\"kalendorius-container\">\n            <h3 id=\"month-name-7\">\n                Spalis 2026            <\/h3>\n            <div \n                id=\"uzimtumo-kalendorius-7\" \n                class=\"uzimtumo-kalendorius\" \n                data-admin=\"false\"\n                data-year=\"2026\"\n                data-month=\"10\"\n            ><\/div>\n        <\/div>\n            <div class=\"kalendorius-container\">\n            <h3 id=\"month-name-8\">\n                Lapkritis 2026            <\/h3>\n            <div \n                id=\"uzimtumo-kalendorius-8\" \n                class=\"uzimtumo-kalendorius\" \n                data-admin=\"false\"\n                data-year=\"2026\"\n                data-month=\"11\"\n            ><\/div>\n        <\/div>\n            <div class=\"kalendorius-container\">\n            <h3 id=\"month-name-9\">\n                Gruodis 2026            <\/h3>\n            <div \n                id=\"uzimtumo-kalendorius-9\" \n                class=\"uzimtumo-kalendorius\" \n                data-admin=\"false\"\n                data-year=\"2026\"\n                data-month=\"12\"\n            ><\/div>\n        <\/div>\n            <div class=\"kalendorius-container\">\n            <h3 id=\"month-name-10\">\n                Sausis 2027            <\/h3>\n            <div \n                id=\"uzimtumo-kalendorius-10\" \n                class=\"uzimtumo-kalendorius\" \n                data-admin=\"false\"\n                data-year=\"2027\"\n                data-month=\"1\"\n            ><\/div>\n        <\/div>\n            <div class=\"kalendorius-container\">\n            <h3 id=\"month-name-11\">\n                Vasaris 2027            <\/h3>\n            <div \n                id=\"uzimtumo-kalendorius-11\" \n                class=\"uzimtumo-kalendorius\" \n                data-admin=\"false\"\n                data-year=\"2027\"\n                data-month=\"2\"\n            ><\/div>\n        <\/div>\n            <div class=\"kalendorius-container\">\n            <h3 id=\"month-name-12\">\n                Kovas 2027            <\/h3>\n            <div \n                id=\"uzimtumo-kalendorius-12\" \n                class=\"uzimtumo-kalendorius\" \n                data-admin=\"false\"\n                data-year=\"2027\"\n                data-month=\"3\"\n            ><\/div>\n        <\/div>\n    <\/div>\n\n\n        \n        <!-- U\u017esakymo forma (be pavadinimo) -->\n        <form id=\"uzsakymo-forma\">\n            <div class=\"form-group\">\n                <label for=\"vardas\">J\u016aS\u0172 VARDAS*<\/label>\n                <input type=\"text\" id=\"vardas\" name=\"vardas\" required>\n            <\/div>\n\n            <div class=\"form-group\">\n                <label for=\"el_pastas\">EL. PA\u0160TO ADRESAS*<\/label>\n                <input type=\"email\" id=\"el_pastas\" name=\"el_pastas\" required>\n            <\/div>\n\n            <div class=\"form-group\">\n                <label for=\"telefonas\">TELEFONO NUMERIS*<\/label>\n                <input type=\"text\" id=\"telefonas\" name=\"telefonas\" required placeholder=\"\u012eveskite 12 (+370XXXXXXXX)\">\n            <\/div>\n\n            <div class=\"form-group\">\n                <label for=\"suauge\">ATVYKS SUAUGUSI\u0172 ASMEN\u0172 (nurodyti skai\u010di\u0173)*<\/label>\n                <input type=\"number\" id=\"suauge\" name=\"suauge\" min=\"0\" required>\n            <\/div>\n\n            <div class=\"form-group\">\n                <label for=\"vaikai\">ATVYKS VAIK\u0172 IKI 18 MET\u0172 AM\u017dIAUS (nurodyti skai\u010di\u0173)*<\/label>\n                <input type=\"number\" id=\"vaikai\" name=\"vaikai\" min=\"0\" required>\n            <\/div>\n\n            <div class=\"form-group\">\n                <label for=\"seimos\">ATVYKSTAN\u010cI\u0172 \u0160EIM\u0172 \/ KOMPANIJ\u0172 SKAI\u010cIUS*<\/label>\n                <input type=\"number\" id=\"seimos\" name=\"seimos\" min=\"0\" required>\n            <\/div>\n               <div class=\"form-group\">\n    <div class=\"form-group\">\n  <label>ATVYKSIU SU AUGINTINIAIS*<\/label>\n  <div class=\"radio-group\">\n    <label><input type=\"radio\" name=\"augintinis\" value=\"taip\" id=\"su_augintiniu\"> Taip<\/label>\n    <label><input type=\"radio\" name=\"augintinis\" value=\"ne\" id=\"be_augintinio\" checked> Ne<\/label>\n  <\/div>\n  <p class=\"radio-note\">Pa\u017eym\u0117kite ar atvyksite su augintiniais (kainuoja papildomai)<\/p>\n<\/div>\n\n\n            <div id=\"augintiniu_skaicius_container\" class=\"form-group\" style=\"display: none;\">\n                <label for=\"augintiniai\">ATVYKSTAN\u010cI\u0172 AUGINTINI\u0172 SKAI\u010cIUS<\/label>\n                <input type=\"number\" id=\"augintiniai\" name=\"augintiniai\" min=\"0\">\n            <\/div>\n\n            <div class=\"form-group\">\n                <label for=\"pasirinkta_nuo\">Pasirinkta nuo:<\/label>\n                <input type=\"date\" id=\"pasirinkta_nuo\" name=\"pasirinkta_nuo\" required>\n            <\/div>\n\n            <div class=\"form-group\">\n                <label for=\"pasirinkta_iki\">Pasirinkta iki:<\/label>\n                <input type=\"date\" id=\"pasirinkta_iki\" name=\"pasirinkta_iki\" required>\n            <\/div>\n\n            <button type=\"submit\" class=\"btn\">SI\u0172STI<\/button>\n        <\/form>\n    <\/div>\n\n    <script>console.log(\"\u2705 PHP sugeneravo kalendori\u0173 su m\u0117nesi\u0173 pavadinimais.\");<\/script>\n    \n","protected":false},"excerpt":{"rendered":"","protected":false},"author":1,"featured_media":0,"parent":0,"menu_order":0,"comment_status":"closed","ping_status":"closed","template":"","meta":{"om_disable_all_campaigns":false,"_monsterinsights_skip_tracking":false,"_monsterinsights_sitenote_active":false,"_monsterinsights_sitenote_note":"","_monsterinsights_sitenote_category":0,"ngg_post_thumbnail":0,"footnotes":""},"class_list":["post-22","page","type-page","status-publish","hentry"],"aioseo_notices":[],"_links":{"self":[{"href":"https:\/\/kiemionys.lt\/index.php?rest_route=\/wp\/v2\/pages\/22","targetHints":{"allow":["GET"]}}],"collection":[{"href":"https:\/\/kiemionys.lt\/index.php?rest_route=\/wp\/v2\/pages"}],"about":[{"href":"https:\/\/kiemionys.lt\/index.php?rest_route=\/wp\/v2\/types\/page"}],"author":[{"embeddable":true,"href":"https:\/\/kiemionys.lt\/index.php?rest_route=\/wp\/v2\/users\/1"}],"replies":[{"embeddable":true,"href":"https:\/\/kiemionys.lt\/index.php?rest_route=%2Fwp%2Fv2%2Fcomments&post=22"}],"version-history":[{"count":6,"href":"https:\/\/kiemionys.lt\/index.php?rest_route=\/wp\/v2\/pages\/22\/revisions"}],"predecessor-version":[{"id":700,"href":"https:\/\/kiemionys.lt\/index.php?rest_route=\/wp\/v2\/pages\/22\/revisions\/700"}],"wp:attachment":[{"href":"https:\/\/kiemionys.lt\/index.php?rest_route=%2Fwp%2Fv2%2Fmedia&parent=22"}],"curies":[{"name":"wp","href":"https:\/\/api.w.org\/{rel}","templated":true}]}}