{"id":711,"date":"2025-11-15T07:56:16","date_gmt":"2025-11-15T07:56:16","guid":{"rendered":"https:\/\/kiemionys.lt\/?page_id=711"},"modified":"2025-11-15T07:56:16","modified_gmt":"2025-11-15T07:56:16","slug":"baidares","status":"publish","type":"page","link":"https:\/\/kiemionys.lt\/?page_id=711","title":{"rendered":"BAIDAR\u0116S"},"content":{"rendered":"<p>Ie\u0161kote aktyvaus poilsio, kuris sujungia gamtos gro\u017e\u012f, nuotykius ir ramyb\u0119?<br \/>\nKvie\u010diame \u012f Sodyb\u0105 Kiemionys \u2013 \u010dia laukia \u012fsimintinos kelion\u0117s baidar\u0117mis up\u0117mis ir e\u017eerais!<\/p>\n<p>Kod\u0117l verta rinktis mus?<\/p>\n<ul>\n<li>Patogios, stabilios ir lengvai valdomos naujausios kartos dvivietes baidares VISTA Wave Sport!<\/li>\n<li>Mar\u0161rutai \u012fvairaus sud\u0117tingumo \u2013 nuo ramaus plaukimo e\u017eeru iki \u012fdomesni\u0173 upi\u0173 ving\u0173.<\/li>\n<li>Saugi kelion\u0117 su visa reikalinga \u012franga (irklai, gelb\u0117jimosi liemen\u0117s).<\/li>\n<li>Transportavimo paslauga \u2013 nuve\u0161ime \u012f starto viet\u0105 ir paimsime po plaukimo.<\/li>\n<li>Galimyb\u0117 po i\u0161vykos pails\u0117ti sodyboje: pav\u0117sin\u0117, lau\u017eaviet\u0117, nakvyn\u0117, pirtis, kubilas.<\/li>\n<\/ul>\n<p>Plaukimas baidar\u0117mis \u2013 puikus pasirinkimas:<\/p>\n<ul>\n<li>Draug\u0173 kompanijoms<\/li>\n<li>\u0160eimoms su vaikais<\/li>\n<li>\u012emoni\u0173 kolektyvams<\/li>\n<li>Romanti\u0161kai dviese<\/li>\n<\/ul>\n<p>Sodyba Kiemionys \u2013 tai vieta, kur susitinka nuotykiai ir ramyb\u0117.<br \/>\nLeiskite sau atsip\u016bsti, pasisemti ger\u0173 emocij\u0173 ir patirti tikr\u0105 gamtos artum\u0105!<\/p>\n<p>U\u017esakymams: +370 622 75050<br \/>\nEl. pa\u0161tas: info@kiemionys.lt<\/p>\n","protected":false},"excerpt":{"rendered":"<p>Ie\u0161kote aktyvaus poilsio, kuris sujungia gamtos gro\u017e\u012f, nuotykius ir ramyb\u0119? Kvie\u010diame \u012f Sodyb\u0105 Kiemionys \u2013 \u010dia laukia \u012fsimintinos kelion\u0117s baidar\u0117mis<\/p>\n<p><a href=\"https:\/\/kiemionys.lt\/?page_id=711\" class=\"more-link\">Continue reading<span class=\"screen-reader-text\">BAIDAR\u0116S<\/span><\/a><\/p>\n","protected":false},"author":3,"featured_media":0,"parent":0,"menu_order":0,"comment_status":"closed","ping_status":"closed","template":"","meta":{"om_disable_all_campaigns":false,"_monsterinsights_skip_tracking":false,"_monsterinsights_sitenote_active":false,"_monsterinsights_sitenote_note":"","_monsterinsights_sitenote_category":0,"ngg_post_thumbnail":0,"footnotes":""},"class_list":["post-711","page","type-page","status-publish","hentry"],"aioseo_notices":[],"_links":{"self":[{"href":"https:\/\/kiemionys.lt\/index.php?rest_route=\/wp\/v2\/pages\/711","targetHints":{"allow":["GET"]}}],"collection":[{"href":"https:\/\/kiemionys.lt\/index.php?rest_route=\/wp\/v2\/pages"}],"about":[{"href":"https:\/\/kiemionys.lt\/index.php?rest_route=\/wp\/v2\/types\/page"}],"author":[{"embeddable":true,"href":"https:\/\/kiemionys.lt\/index.php?rest_route=\/wp\/v2\/users\/3"}],"replies":[{"embeddable":true,"href":"https:\/\/kiemionys.lt\/index.php?rest_route=%2Fwp%2Fv2%2Fcomments&post=711"}],"version-history":[{"count":1,"href":"https:\/\/kiemionys.lt\/index.php?rest_route=\/wp\/v2\/pages\/711\/revisions"}],"predecessor-version":[{"id":712,"href":"https:\/\/kiemionys.lt\/index.php?rest_route=\/wp\/v2\/pages\/711\/revisions\/712"}],"wp:attachment":[{"href":"https:\/\/kiemionys.lt\/index.php?rest_route=%2Fwp%2Fv2%2Fmedia&parent=711"}],"curies":[{"name":"wp","href":"https:\/\/api.w.org\/{rel}","templated":true}]}}